vert -3175 (base 14) to base 12.
-4b2b
-3221 (base 8) to base 3
-2022021
Convert 111 (base 3) to base 14.
d
What is 283 (base 15) in base 4?
20331
-11300132 (base 4) to base 3
-1012100102
What is 81a0 (base 11) in base 16?
2a7f
1100404 (base 5) to base 14
6c2a
What is 101000000 (base 2) in base 7?
635
24024 (base 8) to base 13
4893
11110 (base 3) to base 7
231
Convert 6070 (base 9) to base 7.
15636
What is -115546 (base 8) in base 5?
-2233112
Convert a (base 15) to base 16.
a
What is -9d85 (base 14) in base 16?
-6ae1
Convert -202424 (base 5) to base 10.
-6614
-1596 (base 10) to base 8
-3074
What is 402233 (base 5) in base 3?
122120202
11010111000000 (base 2) to base 13
6356
What is -841 (base 14) in base 13?
-980
Convert -1250 (base 9) to base 10.
-936
What is 1830 (base 9) in base 3?
1221000
What is -242 (base 16) in base 14?
-2d4
Convert 100110010100100 (base 2) to base 8.
46244
-323020 (base 4) to base 15
-11c4
What is -10 (base 7) in base 4?
-13
What is -112111 (base 3) in base 14?
-1dd
Convert -7075 (base 11) to base 16.
-24b7
-514332 (base 7) to base 8
-253652
What is -141112 (base 5) in base 10?
-5782
What is 719 (base 10) in base 4?
23033
What is 1010111100 (base 2) in base 9?
857
-11a36 (base 11) to base 13
-7ab9
12313321 (base 4) to base 12
14361
255 (base 11) to base 2
100101110
1110020012 (base 3) to base 14
a5ca
Convert -44a9 (base 16) to base 5.
-1030302
314 (base 16) to base 5
11123
Convert 167 (base 13) to base 9.
312
-2141 (base 6) to base 5
-3433
What is -74 (base 9) in base 13?
-52
What is -56 (base 13) in base 3?
-2122
What is f0d (base 16) in base 12?
2291
-1222110 (base 3) to base 9
-1873
Convert 1003313 (base 4) to base 9.
5855
What is 175 (base 8) in base 13?
98
What is -7042 (base 8) in base 15?
-1113
What is -1636 (base 13) in base 10?
-3256
What is -15515 (base 6) in base 16?
-a07
Convert 355 (base 6) to base 11.
120
Convert 2335 (base 8) to base 9.
1633
Convert -10111001001000 (base 2) to base 12.
-6a34
-1b42 (base 16) to base 13
-323a
295 (base 15) to base 6
2422
What is 741 (base 8) in base 4?
13201
Convert -100001111 (base 2) to base 5.
-2041
What is -101001101010 (base 2) in base 5?
-41131
2c60 (base 13) to base 5
202000
-1b0b7 (base 12) to base 15
-bc3d
What is -1156 (base 14) in base 6?
-21544
What is -41 (base 14) in base 13?
-45
3310033 (base 4) to base 12
9067
Convert 232133 (base 5) to base 3.
102112210
283 (base 13) to base 6
2021
Convert 100200120 (base 3) to base 16.
1b96
146506 (base 7) to base 2
111000000110000
2224 (base 6) to base 14
292
50 (base 13) to base 3
2102
What is -43874 (base 9) in base 7?
-150655
Convert 646 (base 9) to base 8.
1020
-798 (base 15) to base 12
-bb2
Convert -440 (base 7) to base 9.
-268
What is 18341 (base 10) in base 16?
47a5
What is -2522 (base 8) in base 9?
-1773
What is 1a2b (base 13) in base 12?
2330
Convert 1331332 (base 4) to base 9.
12047
What is 210211 (base 4) in base 5?
33331
What is -23830 (base 9) in base 10?
-15984
Convert -75e (base 15) to base 3.
-2021122
What is 111101011 (base 2) in base 9?
605
What is 111000111110000 (base 2) in base 13?
10379
Convert -21035 (base 10) to base 7.
-115220
-5b1 (base 15) to base 8
-2413
What is 20b8 (base 14) in base 4?
1120102
What is -1284 (base 10) in base 5?
-20114
21301 (base 7) to base 13
2542
1213 (base 8) to base 5
10101
114234 (base 5) to base 6
31555
Convert -40000 (base 5) to base 14.
-ca8
Convert 10111120 (base 3) to base 4.
213321
Convert 15c0 (base 15) to base 16.
1248
-14295 (base 14) to base 12
-24a77
Convert -12515 (base 6) to base 7.
-5411
-14b (base 14) to base 15
-128
-3ddc (base 14) to base 13
-4cc2
-41232 (base 5) to base 12
-1684
Convert -11a (base 14) to base 12.
-164
What is -7b6 (base 16) in base 5?
-30344
22021 (base 5) to base 12
a5b
What is -103023 (base 4) in base 7?
-3402
27c3 (base 14) to base 4
1231313
-211012 (base 3) to base 16
-257
828 (base 11) to base 7
2624
Convert -1475 (base 9) to base 3.
-1112112
-43305 (base 7) to base 5
-321120
Convert -13435 (base 7) to base 12.
-2144
Convert 1010001 (base 2) to base 14.
5b
What is 13004 (base 5) in base 11?
833
Convert 15785 (base 11) to base 10.
22236
-11 (base 12) to base 2
-1101
What is -2445 (base 6) in base 15?
-2a5
Convert -101001010100 (base 2) to base 13.
-1285
-3050 (base 7) to base 6
-4532
-6b4 (base 15) to base 13
-8cb
Convert -da (base 15) to base 9.
-247
-784 (base 9) to base 4
-22003
Convert -20112111 (base 3) to base 6.
-34021
Convert 1170 (base 8) to base 7.
1562
211002 (base 3) to base 5
4341
-e16 (base 15) to base 8
-6143
Convert 160 (base 14) to base 9.
341
Convert -120 (base 16) to base 13.
-192
What is -617 (base 10) in base 8?
-1151
What is b17 (base 13) in base 8?
3527
What is -715 (base 10) in base 9?
-874
12620 (base 12) to base 9
37356
What is -1110011011 (base 2) in base 4?
-32123
Convert 270 (base 15) to base 12.
3a3
What is 4450 (base 6) in base 16?
40e
Convert 34877 (base 10) to base 7.
203453
-658 (base 9) to base 3
-201222
What is -1d13 (base 15) in base 16?
-18ae
Convert 392 (base 14) to base 5.
10331
100123 (base 4) to base 15
4a1
Convert 126376 (base 9) to base 7.
440034
Convert -11001111001001 (base 2) to base 15.
-3ddc
-1311140 (base 5) to base 8
-62303
What is 111111100001 (base 2) in base 13?
1b09
Convert 2361 (base 8) to base 10.
1265
Convert 31370 (base 9) to base 13.
9579
Convert -143 (base 12) to base 7.
-366
What is 1122021 (base 3) in base 16?
4ab
1546 (base 9) to base 7
3300
Convert -f4 (base 16) to base 11.
-202
Convert -2131 (base 6) to base 11.
-403
2299 (base 13) to base 3
20122221
Convert -2410 (base 9) to base 16.
-6ff
What is -2411 (base 8) in base 14?
-681
Convert 2808 (base 15) to base 12.
4b52
-3426 (base 8) to base 16
-716
53659 (base 10) to base 9
81541
-24445 (base 7) to base 12
-3857
What is 29a5 (base 13) in base 8?
13642
Convert b6 (base 15) to base 8.
253
Convert 1132022 (base 6) to base 2.
1110010110001110
What is 10010110111 (base 2) in base 4?
102313
2200221 (base 3) to base 13
b86
What is -11422 (base 7) in base 13?
-1465
What is 1010110100 (base 2) in base 12?
498
What is -1002210 (base 4) in base 3?
-12211210
What is 11001001 (base 2) in base 15?
d6
Convert -4315 (base 7) to base 9.
-2081
Convert -2403 (base 13) to base 16.
-13d1
What is -535 (base 10) in base 7?
-1363
What is 1030201 (base 4) in base 2?
1001100100001
Convert 1a68 (base 15) to base 3.
21211222
What is -a7a8 (base 14) in base 4?
-13010200
-c0 (base 15) to base 6
-500
What is -11203 (base 12) in base 3?
-1011012210
-1301 (base 4) to base 5
-423
3a737 (base 12) to base 6
1420511
Convert 234 (base 8) to base 15.
a6
Convert -1110010000110 (base 2) to base 14.
-2938
Convert -60c (base 15) to base 14.
-6d4
-15b1 (base 15) to base 6
-33334
Convert 1b89 (base 16) to base 9.
10602
What is 3454 (base 6) in base 7?
2260
Convert -13c8 (base 14) to base 15.
-108d
Convert 739 (base 11) to base 7.
2410
What is 1173 (base 15) in base 7?
13545
What is 385 (base 10) in base 14?
1d7
Convert -1010111011001 (base 2) to base 8.
-12731
-775 (base 9) to base 14
-335
Convert 135210 (base 6) to base 8.
31026
-1562 (base 7) to base 14
-332
What is 3506 (base 7) in base 8?
2400
Convert -302 (base 13) to base 15.
-23e
Convert -15433 (base 6) to base 15.
-b46
-148 (base 15) to base 8
-445
What is 158 (base 15) in base 9?
372
What is -32123 (base 5) in base 4?
-201303
-3011 (base 4) to base 3
-21022
What is 182 (base 15) in base 6?
1335
10114 (base 6) to base 8
2476
What is -1555c (base 13) in base 8?
-117024
What is -13231331 (base 4) in base 8?
-75575
Convert -105510 (base 6) to base 9.
-13356
What is 44112 (base 6) in base 7?
23522
-1917 (base 13) to base 10
-3738
What is -2240 (base 5) in base 11?
-271
Convert 1c5 (base 16) to base 5.
3303
What is -cd3 (base 15) in base 3?
-10222100
2162 (base 7) to base 13
47c
110001 (base 3) to base 6
1301
101100101 (base 2) to base 15
18c
Convert 30560 (base 7) to base 14.
2a30
What is -1320120 (base 4) in base 8?
-17030
What is 132724 (base 8) in base 10?
46548
Convert -23c9 (base 16) to base 7.
-35465
Convert -5b4c (base 13) to base 15.
-3c58
1101101111000 (base 2) to base 3
100122110
Convert 100110010 (base 2) to base 13.
1a7
What is 2466 (base 9) in base 6?
12310
aa (base 11) to base 10
120
What